6*l + l = 3*p - 810. What are the prime factors of l?
2, 3
Let m(y) = 12*y**3 - 13*y**2 + 7*y - 6. List the prime factors of m(3).
2, 3, 37
Let j = -14 - -392. What are the prime factors of j?
2, 3, 7
Let x be 14/(-21)*(3 + 0). Let n(c) = -2*c - 1. Let b be n(x). Suppose -5*v = b*w - 55, 3*v - 22 = -4*w - 0*w. List the prime factors of v.
2, 7
Suppose 0 = -21*s + 16*s. Suppose 3*k = -5*v - 225 - 1, s = -3*k - 4*v - 221. Let b = k + 117. What are the prime factors of b?
2, 5
Suppose -3*r - 7 = r - t, -8 = 2*r - 2*t. List the prime factors of 58 + -2 + -2 - (-4)/r.
2, 5
Let c = 887 + -482. List the prime factors of c.
3, 5
List the prime factors of (11/(-33))/(2/(-126)).
3, 7
Let a(f) = -f**3 - 4*f**2 + 7*f. Let n be (-4)/(12/(-9) - -2). Let k be a(n). Suppose -k = -2*l + l. List the prime factors of l.
2, 3, 5
Let o(p) = -37*p**2 - 4*p + 3. Let i(m) = 19*m**2 + 2*m - 2. Let s(t) = -5*i(t) - 3*o(t). What are the prime factors of s(-1)?
3, 5
Let c = 7 - 2. Suppose 0 = -c*a + 6*a - 6. Let o(h) = -h**3 + 7*h**2 + 2. What are the prime factors of o(a)?
2, 19
Let d be 4/6 + (-88)/6. What are the prime factors of 8/(-5)*(4 + d)?
2
Let x(f) = -23*f**3 - 6*f**2 - 4*f - 1. Let r = 10 + 1. Let w(d) = -46*d**3 - 11*d**2 - 7*d - 2. Let l(a) = r*x(a) - 6*w(a). What are the prime factors of l(1)?
2, 11
Suppose 4*c = -8 - 0. Let y be (c/(-4))/(3/(-126)). Let m = 44 + y. List the prime factors of m.
23
What are the prime factors of ((-24)/(-12) + (-10)/25)*90?
2, 3
Let c = 8 - 6. Let r = 25 - -100. Suppose -c*x = 3*x - r. What are the prime factors of x?
5
Let g = 862 + -421. Suppose -259 - g = -5*v. What are the prime factors of v?
2, 5, 7
Let l = 1997 - 701. List the prime factors of l.
2, 3
What are the prime factors of (-380)/(-228)*(597 + 0)?
5, 199
Suppose -4*d + 20 = -4*f, -2*f + 0*f = 5*d + 17. What are the prime factors of 61 + -3 + (-3 - f)?
61
Suppose 0 = -6*n + 8*n. Let l be 2*(6 + -4)*34. Suppose n = -6*t + 2*t + l. List the prime factors of t.
2, 17
List the prime factors of (-4869)/(-12)*(-4)/(-3).
541
Let h(t) = -22*t - 6. Let x = 0 + -7. List the prime factors of h(x).
2, 37
Let o(a) = -24*a + 43. Let m(g) = -g**2 - g - 1. Let n be m(-3). What are the prime factors of o(n)?
211
Suppose 14*f + 2377 - 12527 = 0. What are the prime factors of f?
5, 29
Let z be ((-24)/(-9))/(4/18). Suppose -2*r + z = -4*r. List the prime factors of (3 + -6)/(r/4).
2
Let d be ((-4)/6)/(7/(-147)). Suppose 3*v = t - 75, -37 - d = -t - 3*v. Suppose 5*j = t - 13. List the prime factors of j.
2, 5
Let d(l) = -39*l - 49. Let m(j) = 19*j + 24. Let w(i) = 3*d(i) + 7*m(i). List the prime factors of w(4).
5, 17
Suppose 234*i - 14240 = 226*i. What are the prime factors of i?
2, 5, 89
Suppose -8*g = -3*g - 265. Let s = 132 - g. What are the prime factors of s?
79
Let p(b) = 2*b**3 + 9*b**3 - 2*b**2 + 4*b**2 + 3*b - 4*b. What are the prime factors of p(1)?
2, 3
Let s = 24 + -20. Suppose -29 = -3*u - 0*w + 4*w, 0 = -u + s*w + 7. What are the prime factors of u?
11
Suppose 0 = 4*o - 20 - 12. Suppose 0 = b + 3*r - o, 0*b - 24 = 4*b - 2*r. Let v = 33 + b. What are the prime factors of v?
29
Let v = 1953 + -477. What are the prime factors of v?
2, 3, 41
Let k be -1*3/3*2. Let x be (k/(-4))/((-3)/(-66)). Let m = x - -20. What are the prime factors of m?
31
Suppose -4*q + 4*l = -6156, 5*l = -2*q + 6*q - 6155. What are the prime factors of q?
2, 5, 7, 11
Suppose -4*g = 0, b - 4*g - 154 = -8*g. Let h = b + -259. Let a = -61 - h. What are the prime factors of a?
2, 11
Suppose 2*j - 5 + 1 = 0. Let n(b) = 1 - 7*b - 2*b**2 - 9*b**2 + 4*b**2 + b**3 - j. What are the prime factors of n(8)?
7
Let g = -5434 + 9203. List the prime factors of g.
3769
Let l be ((-136)/6)/((-1)/3). Let x = l - 42. What are the prime factors of x?
2, 13
Suppose 4*q = -c + 16 + 148, -4*q + 8 = 0. Suppose -27*v + 23*v = -c. What are the prime factors of v?
3, 13
Suppose -8*x + 185 = 65. What are the prime factors of x?
3, 5
Let b(h) = -2*h**2 - 7*h - 8. Let c(v) = 3*v**2 + 8*v + 9. Let w(y) = 4*b(y) + 3*c(y). Let r be w(-3). What are the prime factors of 2/(-6) - r/(-3)?
5
Suppose 0 = z - 2*j + 7 + 1, 4*z - 2*j + 8 = 0. Suppose z*u - 2*u + 16 = 0. Let b = -1 + u. What are the prime factors of b?
7
Let d(j) = -82*j**3 + 7*j**2 + 11*j + 19. What are the prime factors of d(-4)?
5, 11, 97
Let q = -999 + 1556. List the prime factors of q.
557
Suppose -8*o = 5315 - 23963. What are the prime factors of o?
3, 7, 37
Suppose -2*x - 3*r - 2*r + 351 = 0, -5*r = -25. Suppose 4*o - x = 3*p, -3*o - 38 = -4*o - 2*p. What are the prime factors of o?
2, 5
Let c be 15/5 - 12/(-6). Suppose 2*s + 4*u - 281 = 43, 3*s = -c*u + 491. What are the prime factors of s?
2, 43
List the prime factors of (-6)/(-33) + (-164444)/(-154).
2, 3, 89
Suppose -2*o - 78 = -p, -3*o + o = 5*p - 342. Suppose 2*s = p - 0. List the prime factors of s.
5, 7
List the prime factors of (-30)/40 + (-12273)/(-12).
2, 7, 73
Suppose w - 2783 = 4*s - s, 14010 = 5*w + 4*s. List the prime factors of w.
2, 1399
Suppose -k - 9*k + 150 = 0. Suppose a = 4*y - 35, 0 = -3*y + 2*y + 5*a - k. What are the prime factors of y?
2, 5
Let q = 11008 + -6560. What are the prime factors of q?
2, 139
Let m(h) = h**2 - 18*h + 21. Let b be m(18). Let p = 96 - b. What are the prime factors of p?
3, 5
Suppose 4*f - 20 = 0, q - 2*f - 35 = 76. Let y be 9/54 + q/(-6). Let d = y - -44. List the prime factors of d.
2, 3
Suppose -i = -5*i, j - i = 150. Suppose -j = -4*w - 5*n, w + 2*n - 39 = -0*w. List the prime factors of w.
5, 7
Let p be 8/(-12)*3 - -3 - 3. Let i(o) = -5*o**3. List the prime factors of i(p).
2, 5
Let c(d) = -42*d + 20. Let w = 5 - 8. What are the prime factors of c(w)?
2, 73
Suppose -172 = 3*t - 1090. Suppose 4*i + 321 = 5*i + 4*k, t = i - k. List the prime factors of i.
3, 103
Let x(z) = 2*z**3 - 52*z**2 - 29*z + 153. List the prime factors of x(28).
2477
Suppose -187 = -x - 4*a, 20 = 5*a + 5. List the prime factors of x.
5, 7
Let m(v) = v**2 + 10*v - 22. Let r be m(-12). List the prime factors of 3950/75 + r/6.
53
Suppose -525 = -4*k - 3*d, -651 = -5*k - 17*d + 15*d. What are the prime factors of k?
3, 43
Suppose 9*t - 50 = -t. Let p = 44 + -26. Suppose 2 + p = t*s. What are the prime factors of s?
2
Let x = 54 - 168. Let l be (-3)/(-3) - ((-154)/(-2) + -2). Let f = l - x. List the prime factors of f.
2, 5
Let d(f) = 3*f - 5. Let b be d(4). Let x(o) = o**2 - 3*o + 4. Let h be x(b). Suppose 0 = 2*t - 3*q - h, 3*q - 2*q - 36 = -4*t. List the prime factors of t.
2, 5
Let h(o) = 18*o - 4. Let l be h(-4). List the prime factors of ((-1235)/l)/((-2)/(-8)).
5, 13
What are the prime factors of 1*(1131 + 3 + 4)?
2, 569
Let q(i) = i**3 - 4*i**2 - 11*i**2 + 16 - 1 + 16*i. Let s(r) = -5*r - 71. Let d be s(-17). What are the prime factors of q(d)?
43
Let l = -125 + 606. What are the prime factors of l?
13, 37
Let m(b) be the third derivative of 23*b**6/120 - b**4/12 + b**3/6 - b**2. Suppose -10 = -4*v - 0*v + 3*r, -5*r = v + 9. What are the prime factors of m(v)?
2, 11
Let v(j) be the first derivative of 2*j**3 - 3*j**2/2 - 1. Suppose 3*i - 13 = -7. What are the prime factors of v(i)?
2, 3
Let x be (-2)/12 - 718/12. What are the prime factors of ((-6)/8)/(3/x)?
3, 5
Suppose -4*j = 0, 3*m + 6 = 4*m + 3*j. Suppose 0 = -m*g + 4*g + 88. What are the prime factors of g?
2, 11
Let h(n) = n**3 + 29*n**2 + 8*n - 88. What are the prime factors of h(-12)?
2, 283
Suppose -26*u + 936 = -22*u. What are the prime factors of u?
2, 3, 13
Let l(p) = p**3 + 22*p**2 + 21*p - 39. List the prime factors of l(-12).
3, 383
Suppose a + 3 = -0*a. Let o be 4 + 2/6*a. Let u(z) = 6*z**2 + z - 7. List the prime factors of u(o).
2, 5
Suppose -2*x + x + 4*p = 4, p - 53 = -3*x. Suppose -x*i = -16 - 1728. List the prime factors of i.
109
Let y(w) = 19*w**2 + 7*w - 8. List the prime factors of y(-4).
2, 67
Let b be (-6)/12 - 949/(-2). Let j = -260 + b. What are the prime factors of j?
2, 107
Suppose -n + 5*n - 8 = 0. Suppose -z - n = -6. Suppose -l + 6 = -b, l = 5*l + 3*b + z. What are the prime factors of l?
2
Let n(a) be the second derivative of 4/3*a**3 - 1/12*a**4 + 3/2*a**2 - 3*a + 0. List the prime factors of n(6).
3, 5
Let b(i) = i**3 - 10*i**2 + 6*i + 13. Let m be b(9). Let y = m - -16. Suppose h = 9 + y. List the